{"id":2,"date":"2015-06-25T12:42:24","date_gmt":"2015-06-25T10:42:24","guid":{"rendered":"http:\/\/demo.designers-inn.de\/flat\/?page_id=2"},"modified":"2016-06-24T12:25:17","modified_gmt":"2016-06-24T10:25:17","slug":"beispiel-seite","status":"publish","type":"page","link":"https:\/\/demo.designers-inn.de\/flat\/","title":{"rendered":"Startseite"},"content":{"rendered":"<p>[et_pb_section admin_label=&#8220;section&#8220; fullwidth=&#8220;on&#8220; specialty=&#8220;off&#8220;][et_pb_fullwidth_slider admin_label=&#8220;Vollbreiter Slider&#8220; show_arrows=&#8220;off&#8220; show_pagination=&#8220;on&#8220; auto=&#8220;off&#8220; parallax=&#8220;on&#8220; parallax_method=&#8220;on&#8220;]<\/p>\n<p>[et_pb_slide heading=&#8220;DI.FLAT&#8220; background_color=&#8220;#2ea3f2&#8243; alignment=&#8220;center&#8220; background_layout=&#8220;dark&#8220; allow_player_pause=&#8220;off&#8220; button_text=&#8220;Mehr erfahren&#8220; button_link=&#8220;#start&#8220;]<\/p>\n<p>Willkommen zu unserem neuen WordPress Theme.<br \/>\nOptimiert f\u00fcr Desktop und Handy. Moderner Flat-Design. Leicht zu bedienen.<\/p>\n<p>[\/et_pb_slide]<\/p>\n<p>[\/et_pb_fullwidth_slider][\/et_pb_section][et_pb_section admin_label=&#8220;section&#8220; fullwidth=&#8220;off&#8220; specialty=&#8220;off&#8220; transparent_background=&#8220;off&#8220; background_color=&#8220;#ffffff&#8220; allow_player_pause=&#8220;off&#8220; inner_shadow=&#8220;off&#8220; parallax=&#8220;on&#8220; parallax_method=&#8220;off&#8220; module_id=&#8220;start&#8220;][et_pb_row admin_label=&#8220;row&#8220;][et_pb_column type=&#8220;1_2&#8243;][et_pb_image admin_label=&#8220;Bild&#8220; src=&#8220;http:\/\/demo.designers-inn.de\/flat\/wp-content\/uploads\/sites\/5\/flat-iphone-02.png&#8220; show_in_lightbox=&#8220;off&#8220; url_new_window=&#8220;off&#8220; animation=&#8220;bottom&#8220; sticky=&#8220;on&#8220; align=&#8220;left&#8220; force_fullwidth=&#8220;off&#8220; always_center_on_mobile=&#8220;on&#8220; use_border_color=&#8220;off&#8220; border_color=&#8220;#ffffff&#8220; border_style=&#8220;solid&#8220; use_overlay=&#8220;off&#8220;]<\/p>\n<p>[\/et_pb_image][\/et_pb_column][et_pb_column type=&#8220;1_2&#8243;][et_pb_divider admin_label=&#8220;Teiler&#8220; color=&#8220;#ffffff&#8220; show_divider=&#8220;off&#8220; height=&#8220;100&#8243; divider_style=&#8220;solid&#8220; divider_position=&#8220;top&#8220; hide_on_mobile=&#8220;on&#8220;]<\/p>\n<p>[\/et_pb_divider][et_pb_cta admin_label=&#8220;Handlungsaufruf&#8220; title=&#8220;Mobile Responsive&#8220; button_url=&#8220;#&#8220; button_text=&#8220;weiterlesen&#8220; use_background_color=&#8220;off&#8220; background_color=&#8220;#2EA3F2&#8243; background_layout=&#8220;light&#8220; text_orientation=&#8220;left&#8220; url_new_window=&#8220;off&#8220; use_border_color=&#8220;off&#8220; border_color=&#8220;#ffffff&#8220; border_style=&#8220;solid&#8220; custom_button=&#8220;on&#8220; button_text_color=&#8220;#2ea3f2&#8243; button_border_color=&#8220;#2ea3f2&#8243; button_letter_spacing=&#8220;0&#8243; button_use_icon=&#8220;default&#8220; button_icon_placement=&#8220;right&#8220; button_on_hover=&#8220;on&#8220; button_letter_spacing_hover=&#8220;0&#8243; max_width=&#8220;300px&#8220;]<\/p>\n<p>EIne perfekte Website \u00fcberzeugt auf dem Desktop-Rechner \u2013 genauso wie auf dem Tablet oder dem Smartphone. Dank moderner Responisve-Technologie und HTML 5 \u00fcberzeugt dieses WordPress Theme in allen Belangen.<\/p>\n<p>[\/et_pb_cta][\/et_pb_column][\/et_pb_row][\/et_pb_section][et_pb_section admin_label=&#8220;section&#8220; fullwidth=&#8220;off&#8220; specialty=&#8220;off&#8220; transparent_background=&#8220;off&#8220; background_color=&#8220;#2ea3f2&#8243; allow_player_pause=&#8220;off&#8220; inner_shadow=&#8220;off&#8220; parallax=&#8220;off&#8220; parallax_method=&#8220;off&#8220; padding_mobile=&#8220;off&#8220; make_fullwidth=&#8220;off&#8220; use_custom_width=&#8220;off&#8220; width_unit=&#8220;on&#8220; make_equal=&#8220;off&#8220; use_custom_gutter=&#8220;off&#8220;][et_pb_row admin_label=&#8220;row&#8220;][et_pb_column type=&#8220;4_4&#8243;][et_pb_image admin_label=&#8220;Bild&#8220; src=&#8220;http:\/\/demo.designers-inn.de\/flat\/wp-content\/uploads\/sites\/5\/flat-macair.png&#8220; show_in_lightbox=&#8220;off&#8220; url_new_window=&#8220;off&#8220; animation=&#8220;top&#8220; sticky=&#8220;off&#8220; module_class=&#8220;nomargin&#8220; align=&#8220;center&#8220; force_fullwidth=&#8220;on&#8220; always_center_on_mobile=&#8220;on&#8220; use_border_color=&#8220;off&#8220; border_color=&#8220;#ffffff&#8220; border_style=&#8220;solid&#8220; use_overlay=&#8220;off&#8220;]<\/p>\n<p>[\/et_pb_image][et_pb_cta admin_label=&#8220;Handlungsaufruf&#8220; title=&#8220;HTML 5&#8243; button_url=&#8220;#&#8220; button_text=&#8220;weiterlesen&#8220; use_background_color=&#8220;off&#8220; background_color=&#8220;#2EA3F2&#8243; background_layout=&#8220;dark&#8220; text_orientation=&#8220;center&#8220;]<\/p>\n<p>Sie m\u00f6chten eine moderne Website? Aber Sie m\u00f6chten nicht<br \/>\nin sechs Monaten einer neuen Technologie hinterherlaufen?<br \/>\nHTML5 ist der erkl\u00e4rte Standard hochwertiger Webseiten.<\/p>\n<p>[\/et_pb_cta][\/et_pb_column][\/et_pb_row][\/et_pb_section][et_pb_section admin_label=&#8220;section&#8220; fullwidth=&#8220;off&#8220; specialty=&#8220;off&#8220; transparent_background=&#8220;off&#8220; background_color=&#8220;#2b2b2b&#8220; allow_player_pause=&#8220;off&#8220; inner_shadow=&#8220;off&#8220; parallax=&#8220;on&#8220; parallax_method=&#8220;off&#8220; module_id=&#8220;start&#8220;][et_pb_row admin_label=&#8220;row&#8220;][et_pb_column type=&#8220;1_4&#8243;][et_pb_cta admin_label=&#8220;Handlungsaufruf&#8220; title=&#8220;Schnell &amp; Flexibel&#8220; button_url=&#8220;#&#8220; button_text=&#8220;weiterlesen&#8220; use_background_color=&#8220;off&#8220; background_color=&#8220;#2EA3F2&#8243; background_layout=&#8220;dark&#8220; text_orientation=&#8220;center&#8220;]<\/p>\n<p>Jedes Unternehmen ist einzigartig. Passen Sie auch Ihre Website Ihrem Unternehmen an. Dieses Theme l\u00e4sst sich leicht den Bed\u00fcrfnissen anpassen. Fertige Farbensets sind bereits fest integriert. Und das Beste ist: Machen Sie sich keine Sorge \u00fcber die Performance Ihrer Website.<\/p>\n<p>[\/et_pb_cta][\/et_pb_column][et_pb_column type=&#8220;3_4&#8243;][et_pb_image admin_label=&#8220;Bild&#8220; src=&#8220;\/wp-content\/themes\/di-flat\/images\/centric-featured-pages-3a1.png&#8220; show_in_lightbox=&#8220;off&#8220; url_new_window=&#8220;off&#8220; animation=&#8220;bottom&#8220; sticky=&#8220;on&#8220; align=&#8220;left&#8220; force_fullwidth=&#8220;off&#8220; always_center_on_mobile=&#8220;on&#8220; use_border_color=&#8220;off&#8220; border_color=&#8220;#ffffff&#8220; border_style=&#8220;solid&#8220;]<\/p>\n<p>[\/et_pb_image][\/et_pb_column][\/et_pb_row][\/et_pb_section][et_pb_section admin_label=&#8220;section&#8220; fullwidth=&#8220;off&#8220; specialty=&#8220;off&#8220;][et_pb_row admin_label=&#8220;row&#8220;][et_pb_column type=&#8220;4_4&#8243;][et_pb_blog admin_label=&#8220;Blog&#8220; fullwidth=&#8220;off&#8220; posts_number=&#8220;3&#8243; include_categories=&#8220;1&#8243; meta_date=&#8220;M j, Y&#8220; show_thumbnail=&#8220;on&#8220; show_content=&#8220;off&#8220; show_more=&#8220;on&#8220; show_author=&#8220;on&#8220; show_date=&#8220;on&#8220; show_categories=&#8220;on&#8220; show_pagination=&#8220;on&#8220; offset_number=&#8220;0&#8243; background_layout=&#8220;light&#8220;]<\/p>\n<p>[\/et_pb_blog][\/et_pb_column][\/et_pb_row][\/et_pb_section][et_pb_section admin_label=&#8220;section&#8220; fullwidth=&#8220;off&#8220; specialty=&#8220;off&#8220; transparent_background=&#8220;off&#8220; background_color=&#8220;#2ea3f2&#8243; allow_player_pause=&#8220;off&#8220; inner_shadow=&#8220;off&#8220; parallax=&#8220;off&#8220; parallax_method=&#8220;off&#8220;][et_pb_row admin_label=&#8220;row&#8220;][et_pb_column type=&#8220;1_3&#8243;][et_pb_text admin_label=&#8220;Text&#8220; background_layout=&#8220;dark&#8220; text_orientation=&#8220;left&#8220;]<\/p>\n<h2>Kontakt<\/h2>\n<p>Firma Mustermann AG<br \/>\nBeispielstra\u00dfe 1a | 11000 Berlin<\/p>\n<p>[\/et_pb_text][\/et_pb_column][et_pb_column type=&#8220;2_3&#8243;][et_pb_contact_form admin_label=&#8220;Kontaktformular&#8220; captcha=&#8220;on&#8220; email=&#8220;#&#8220; use_redirect=&#8220;off&#8220; form_background_color=&#8220;#ffffff&#8220; input_border_radius=&#8220;0&#8243; use_border_color=&#8220;off&#8220; border_color=&#8220;#ffffff&#8220; border_style=&#8220;solid&#8220; custom_button=&#8220;on&#8220; button_text_color=&#8220;#2ea3f2&#8243; button_bg_color=&#8220;#ffffff&#8220; button_border_color=&#8220;#ffffff&#8220; button_letter_spacing=&#8220;0&#8243; button_use_icon=&#8220;default&#8220; button_icon_placement=&#8220;right&#8220; button_on_hover=&#8220;on&#8220; button_letter_spacing_hover=&#8220;0&#8243;]<\/p>\n<p>[et_pb_contact_field field_title=&#8220;Name&#8220; field_type=&#8220;input&#8220; field_id=&#8220;Name&#8220; required_mark=&#8220;on&#8220; fullwidth_field=&#8220;off&#8220; \/][et_pb_contact_field field_title=&#8220;E-Mail-Adresse&#8220; field_type=&#8220;email&#8220; field_id=&#8220;Email&#8220; required_mark=&#8220;on&#8220; fullwidth_field=&#8220;off&#8220; \/][et_pb_contact_field field_title=&#8220;Nachricht&#8220; field_type=&#8220;text&#8220; field_id=&#8220;Message&#8220; required_mark=&#8220;on&#8220; \/]<\/p>\n<p>[\/et_pb_contact_form][\/et_pb_column][\/et_pb_row][\/et_pb_section]<\/p>\n","protected":false},"excerpt":{"rendered":"<p>Willkommen zu unserem neuen WordPress Theme. Optimiert f\u00fcr Desktop und Handy. Moderner Flat-Design. Leicht zu bedienen. EIne perfekte Website \u00fcberzeugt auf dem Desktop-Rechner \u2013 genauso wie auf dem Tablet oder dem Smartphone. Dank moderner Responisve-Technologie und HTML 5 \u00fcberzeugt dieses WordPress Theme in allen Belangen. Sie m\u00f6chten eine moderne Website? Aber Sie m\u00f6chten nicht in [&hellip;]<\/p>\n","protected":false},"author":1,"featured_media":0,"parent":0,"menu_order":0,"comment_status":"open","ping_status":"open","template":"","meta":{"_et_pb_use_builder":"on","_et_pb_old_content":"","_et_gb_content_width":"","footnotes":""},"class_list":["post-2","page","type-page","status-publish","hentry"],"_links":{"self":[{"href":"https:\/\/demo.designers-inn.de\/flat\/wp-json\/wp\/v2\/pages\/2","targetHints":{"allow":["GET"]}}],"collection":[{"href":"https:\/\/demo.designers-inn.de\/flat\/wp-json\/wp\/v2\/pages"}],"about":[{"href":"https:\/\/demo.designers-inn.de\/flat\/wp-json\/wp\/v2\/types\/page"}],"author":[{"embeddable":true,"href":"https:\/\/demo.designers-inn.de\/flat\/wp-json\/wp\/v2\/users\/1"}],"replies":[{"embeddable":true,"href":"https:\/\/demo.designers-inn.de\/flat\/wp-json\/wp\/v2\/comments?post=2"}],"version-history":[{"count":10,"href":"https:\/\/demo.designers-inn.de\/flat\/wp-json\/wp\/v2\/pages\/2\/revisions"}],"predecessor-version":[{"id":1179,"href":"https:\/\/demo.designers-inn.de\/flat\/wp-json\/wp\/v2\/pages\/2\/revisions\/1179"}],"wp:attachment":[{"href":"https:\/\/demo.designers-inn.de\/flat\/wp-json\/wp\/v2\/media?parent=2"}],"curies":[{"name":"wp","href":"https:\/\/api.w.org\/{rel}","templated":true}]}}