{"id":25,"date":"2020-02-29T11:55:20","date_gmt":"2020-02-29T10:55:20","guid":{"rendered":"https:\/\/demo.designers-inn.de\/di-funnel\/?page_id=25"},"modified":"2020-03-01T12:00:04","modified_gmt":"2020-03-01T11:00:04","slug":"squeeze-bild","status":"publish","type":"page","link":"https:\/\/demo.designers-inn.de\/di-funnel\/squeeze-bild\/","title":{"rendered":"FUNNEL Squeeze Bild"},"content":{"rendered":"<p>[et_pb_section fb_built=&#8220;1&#8243; specialty=&#8220;on&#8220; admin_label=&#8220;Hero&#8220; _builder_version=&#8220;4.0.9&#8243; background_color=&#8220;#f8fbfe&#8220; use_background_color_gradient=&#8220;on&#8220; background_color_gradient_start=&#8220;#3295ff&#8220; background_color_gradient_end=&#8220;#0C71C3&#8243; background_color_gradient_direction=&#8220;151deg&#8220; background_image=&#8220;https:\/\/demo.designers-inn.de\/di-funnel\/wp-content\/uploads\/sites\/34\/geometric-bg-overlay-01.jpg&#8220; background_blend=&#8220;overlay&#8220; custom_padding=&#8220;10%||30%||false|false&#8220; animation_style=&#8220;slide&#8220; animation_direction=&#8220;top&#8220; animation_intensity_slide=&#8220;10%&#8220;][et_pb_column type=&#8220;1_2&#8243; _builder_version=&#8220;3.25&#8243; custom_padding=&#8220;|||&#8220; custom_padding__hover=&#8220;|||&#8220;][et_pb_image src=&#8220;https:\/\/demo.designers-inn.de\/di-funnel\/wp-content\/uploads\/sites\/34\/1.jpg&#8220; _builder_version=&#8220;4.0.9&#8243; border_radii=&#8220;off|10px|5px|5px|5px&#8220; border_width_all=&#8220;10px&#8220; border_color_all=&#8220;#FFFFFF&#8220;][\/et_pb_image][\/et_pb_column][et_pb_column type=&#8220;1_2&#8243; specialty_columns=&#8220;2&#8243; _builder_version=&#8220;3.25&#8243; custom_padding=&#8220;|||&#8220; custom_padding__hover=&#8220;|||&#8220;][et_pb_row_inner admin_label=&#8220;TOP Argument&#8220; _builder_version=&#8220;4.0.9&#8243;][et_pb_column_inner saved_specialty_column_type=&#8220;1_2&#8243; _builder_version=&#8220;4.0.9&#8243;][et_pb_text _builder_version=&#8220;4.0.9&#8243; text_font=&#8220;Nunito Sans||||||||&#8220; text_text_color=&#8220;#ffffff&#8220; text_font_size=&#8220;18px&#8220; text_line_height=&#8220;1.8em&#8220; header_font=&#8220;Nunito Sans|700|||||||&#8220; header_text_align=&#8220;left&#8220; header_text_color=&#8220;#ffffff&#8220; header_font_size=&#8220;38px&#8220; header_line_height=&#8220;1.3em&#8220; header_2_font=&#8220;||||||||&#8220; header_2_text_align=&#8220;left&#8220; background_layout=&#8220;dark&#8220; max_width=&#8220;700px&#8220; module_alignment=&#8220;center&#8220; background_layout__hover_enabled=&#8220;off|desktop&#8220;]<\/p>\n<h1>\u00dcberschrift mit wichtigstem Nutzen f\u00fcr den K\u00e4ufer.<\/h1>\n<p>Vertiefung des Verkaufsarguments aus einer anderen Perspektive. Stelle den Vorteil f\u00fcr den Kunden heraus.<\/p>\n<p>[\/et_pb_text][\/et_pb_column_inner][\/et_pb_row_inner][et_pb_row_inner column_structure=&#8220;1_2,1_2&#8243; admin_label=&#8220;Vorteile&#8220; _builder_version=&#8220;4.0.9&#8243; custom_padding=&#8220;0px||0px|||&#8220;][et_pb_column_inner type=&#8220;1_2&#8243; saved_specialty_column_type=&#8220;1_2&#8243; _builder_version=&#8220;4.0.9&#8243;][et_pb_blurb title=&#8220;Top-Argument&#8220; use_icon=&#8220;on&#8220; font_icon=&#8220;%%49%%&#8220; icon_color=&#8220;#FFFFFF&#8220; icon_placement=&#8220;left&#8220; use_icon_font_size=&#8220;on&#8220; icon_font_size=&#8220;20px&#8220; _builder_version=&#8220;4.0.9&#8243; header_font=&#8220;Nunito Sans||||||||&#8220; header_text_color=&#8220;#FFFFFF&#8220; body_text_color=&#8220;#FFFFFF&#8220; custom_margin=&#8220;||0px||false|false&#8220; custom_padding=&#8220;||10px||false|false&#8220; animation_style=&#8220;slide&#8220; animation_direction=&#8220;right&#8220; animation_intensity_slide=&#8220;10%&#8220;][\/et_pb_blurb][et_pb_blurb title=&#8220;Top-Argument&#8220; use_icon=&#8220;on&#8220; font_icon=&#8220;%%49%%&#8220; icon_color=&#8220;#FFFFFF&#8220; icon_placement=&#8220;left&#8220; use_icon_font_size=&#8220;on&#8220; icon_font_size=&#8220;20px&#8220; _builder_version=&#8220;4.0.9&#8243; header_font=&#8220;Nunito Sans||||||||&#8220; header_text_color=&#8220;#FFFFFF&#8220; body_text_color=&#8220;#FFFFFF&#8220; custom_margin=&#8220;||0px||false|false&#8220; custom_padding=&#8220;||10px||false|false&#8220; animation_style=&#8220;slide&#8220; animation_direction=&#8220;right&#8220; animation_delay=&#8220;200ms&#8220; animation_intensity_slide=&#8220;10%&#8220;][\/et_pb_blurb][et_pb_blurb title=&#8220;Top-Argument&#8220; use_icon=&#8220;on&#8220; font_icon=&#8220;%%49%%&#8220; icon_color=&#8220;#FFFFFF&#8220; icon_placement=&#8220;left&#8220; use_icon_font_size=&#8220;on&#8220; icon_font_size=&#8220;20px&#8220; _builder_version=&#8220;4.0.9&#8243; header_font=&#8220;Nunito Sans||||||||&#8220; header_text_color=&#8220;#FFFFFF&#8220; body_text_color=&#8220;#FFFFFF&#8220; custom_margin=&#8220;||0px||false|false&#8220; custom_padding=&#8220;||10px||false|false&#8220; animation_style=&#8220;slide&#8220; animation_direction=&#8220;right&#8220; animation_delay=&#8220;400ms&#8220; animation_intensity_slide=&#8220;10%&#8220;][\/et_pb_blurb][\/et_pb_column_inner][et_pb_column_inner type=&#8220;1_2&#8243; saved_specialty_column_type=&#8220;1_2&#8243; _builder_version=&#8220;4.0.9&#8243;][et_pb_blurb title=&#8220;Top-Argument &#8220; use_icon=&#8220;on&#8220; font_icon=&#8220;%%49%%&#8220; icon_color=&#8220;#FFFFFF&#8220; icon_placement=&#8220;left&#8220; use_icon_font_size=&#8220;on&#8220; icon_font_size=&#8220;20px&#8220; _builder_version=&#8220;4.0.9&#8243; header_font=&#8220;Nunito Sans||||||||&#8220; header_text_color=&#8220;#FFFFFF&#8220; body_text_color=&#8220;#FFFFFF&#8220; custom_margin=&#8220;||0px||false|false&#8220; custom_padding=&#8220;||10px||false|false&#8220; animation_style=&#8220;slide&#8220; animation_direction=&#8220;right&#8220; animation_delay=&#8220;600ms&#8220; animation_intensity_slide=&#8220;10%&#8220;][\/et_pb_blurb][et_pb_blurb title=&#8220;Top-Argument&#8220; use_icon=&#8220;on&#8220; font_icon=&#8220;%%49%%&#8220; icon_color=&#8220;#FFFFFF&#8220; icon_placement=&#8220;left&#8220; use_icon_font_size=&#8220;on&#8220; icon_font_size=&#8220;20px&#8220; _builder_version=&#8220;4.0.9&#8243; header_font=&#8220;Nunito Sans||||||||&#8220; header_text_color=&#8220;#FFFFFF&#8220; body_text_color=&#8220;#FFFFFF&#8220; custom_margin=&#8220;||0px||false|false&#8220; custom_padding=&#8220;||10px||false|false&#8220; animation_style=&#8220;slide&#8220; animation_direction=&#8220;right&#8220; animation_delay=&#8220;800ms&#8220; animation_intensity_slide=&#8220;10%&#8220;][\/et_pb_blurb][et_pb_blurb title=&#8220;Top-Argument &#8220; use_icon=&#8220;on&#8220; font_icon=&#8220;%%49%%&#8220; icon_color=&#8220;#FFFFFF&#8220; icon_placement=&#8220;left&#8220; use_icon_font_size=&#8220;on&#8220; icon_font_size=&#8220;20px&#8220; _builder_version=&#8220;4.0.9&#8243; header_font=&#8220;Nunito Sans||||||||&#8220; header_text_color=&#8220;#FFFFFF&#8220; body_text_color=&#8220;#FFFFFF&#8220; custom_margin=&#8220;||0px||false|false&#8220; custom_padding=&#8220;||10px||false|false&#8220; animation_style=&#8220;slide&#8220; animation_direction=&#8220;right&#8220; animation_delay=&#8220;1000ms&#8220; animation_intensity_slide=&#8220;10%&#8220;][\/et_pb_blurb][\/et_pb_column_inner][\/et_pb_row_inner][et_pb_row_inner admin_label=&#8220;CTA&#8220; _builder_version=&#8220;4.0.9&#8243; custom_padding=&#8220;0px|||||&#8220;][et_pb_column_inner saved_specialty_column_type=&#8220;1_2&#8243; _builder_version=&#8220;4.0.9&#8243;][et_pb_button button_text=&#8220;Link zum Optin&#8220; button_alignment=&#8220;center&#8220; _builder_version=&#8220;4.0.9&#8243; custom_button=&#8220;on&#8220; button_text_size=&#8220;18px&#8220; button_text_color=&#8220;#3c9cea&#8220; button_bg_color=&#8220;#ffffff&#8220; button_bg_color_gradient_start=&#8220;#3D72E7&#8243; button_bg_color_gradient_end=&#8220;#53a0fe&#8220; button_bg_color_gradient_direction=&#8220;243deg&#8220; button_border_width=&#8220;0px&#8220; button_border_radius=&#8220;26px&#8220; button_letter_spacing=&#8220;1px&#8220; button_font=&#8220;Nunito Sans|800||on|||||&#8220; button_use_icon=&#8220;off&#8220; custom_margin=&#8220;30px||||false|false&#8220; custom_padding=&#8220;10px|50px|10px|50px|true|true&#8220; animation_style=&#8220;zoom&#8220; animation_delay=&#8220;1200ms&#8220; animation_intensity_zoom=&#8220;10%&#8220; hover_enabled=&#8220;0&#8243; custom_css_main_element=&#8220;width:100%;&#8220; button_text_color_hover=&#8220;#3D72E7&#8243; button_border_radius_hover=&#8220;26px&#8220; button_letter_spacing_hover=&#8220;1px&#8220; button_bg_color_hover=&#8220;#ffffff&#8220; button_text_size__hover_enabled=&#8220;off&#8220; button_one_text_size__hover_enabled=&#8220;off&#8220; button_two_text_size__hover_enabled=&#8220;off&#8220; button_text_color__hover_enabled=&#8220;on|hover&#8220; button_text_color__hover=&#8220;#3c9cea&#8220; button_one_text_color__hover_enabled=&#8220;off&#8220; button_two_text_color__hover_enabled=&#8220;off&#8220; button_border_width__hover_enabled=&#8220;off&#8220; button_one_border_width__hover_enabled=&#8220;off&#8220; button_two_border_width__hover_enabled=&#8220;off&#8220; button_border_color__hover_enabled=&#8220;off&#8220; button_one_border_color__hover_enabled=&#8220;off&#8220; button_two_border_color__hover_enabled=&#8220;off&#8220; button_border_radius__hover_enabled=&#8220;on&#8220; button_border_radius__hover=&#8220;26px&#8220; button_one_border_radius__hover_enabled=&#8220;off&#8220; button_two_border_radius__hover_enabled=&#8220;off&#8220; button_letter_spacing__hover_enabled=&#8220;on&#8220; button_letter_spacing__hover=&#8220;1px&#8220; button_one_letter_spacing__hover_enabled=&#8220;off&#8220; button_two_letter_spacing__hover_enabled=&#8220;off&#8220; button_bg_color__hover_enabled=&#8220;on&#8220; button_bg_color__hover=&#8220;#ffffff&#8220; button_one_bg_color__hover_enabled=&#8220;off&#8220; button_two_bg_color__hover_enabled=&#8220;off&#8220;][\/et_pb_button][\/et_pb_column_inner][\/et_pb_row_inner][\/et_pb_column][\/et_pb_section]<\/p>\n","protected":false},"excerpt":{"rendered":"<p>\u00dcberschrift mit wichtigstem Nutzen f\u00fcr den K\u00e4ufer. Vertiefung des Verkaufsarguments aus einer anderen Perspektive. Stelle den Vorteil f\u00fcr den Kunden heraus.<\/p>\n","protected":false},"author":1,"featured_media":0,"parent":0,"menu_order":0,"comment_status":"closed","ping_status":"closed","template":"","meta":{"_et_pb_use_builder":"on","_et_pb_old_content":"","_et_gb_content_width":"","footnotes":""},"class_list":["post-25","page","type-page","status-publish","hentry"],"_links":{"self":[{"href":"https:\/\/demo.designers-inn.de\/di-funnel\/wp-json\/wp\/v2\/pages\/25","targetHints":{"allow":["GET"]}}],"collection":[{"href":"https:\/\/demo.designers-inn.de\/di-funnel\/wp-json\/wp\/v2\/pages"}],"about":[{"href":"https:\/\/demo.designers-inn.de\/di-funnel\/wp-json\/wp\/v2\/types\/page"}],"author":[{"embeddable":true,"href":"https:\/\/demo.designers-inn.de\/di-funnel\/wp-json\/wp\/v2\/users\/1"}],"replies":[{"embeddable":true,"href":"https:\/\/demo.designers-inn.de\/di-funnel\/wp-json\/wp\/v2\/comments?post=25"}],"version-history":[{"count":12,"href":"https:\/\/demo.designers-inn.de\/di-funnel\/wp-json\/wp\/v2\/pages\/25\/revisions"}],"predecessor-version":[{"id":235,"href":"https:\/\/demo.designers-inn.de\/di-funnel\/wp-json\/wp\/v2\/pages\/25\/revisions\/235"}],"wp:attachment":[{"href":"https:\/\/demo.designers-inn.de\/di-funnel\/wp-json\/wp\/v2\/media?parent=25"}],"curies":[{"name":"wp","href":"https:\/\/api.w.org\/{rel}","templated":true}]}}