{"id":2,"date":"2015-06-25T12:41:58","date_gmt":"2015-06-25T10:41:58","guid":{"rendered":"http:\/\/demo.designers-inn.de\/classicbusiness\/?page_id=2"},"modified":"2015-12-06T10:02:39","modified_gmt":"2015-12-06T09:02:39","slug":"beispiel-seite","status":"publish","type":"page","link":"https:\/\/demo.designers-inn.de\/classicbusiness\/","title":{"rendered":"Startseite"},"content":{"rendered":"<p>[et_pb_section admin_label=&#8220;section&#8220; fullwidth=&#8220;off&#8220; specialty=&#8220;off&#8220; transparent_background=&#8220;on&#8220; allow_player_pause=&#8220;off&#8220; inner_shadow=&#8220;off&#8220; parallax=&#8220;off&#8220; parallax_method=&#8220;off&#8220; padding_mobile=&#8220;off&#8220; make_fullwidth=&#8220;off&#8220; use_custom_width=&#8220;off&#8220; width_unit=&#8220;on&#8220; make_equal=&#8220;off&#8220; use_custom_gutter=&#8220;off&#8220;][et_pb_row admin_label=&#8220;row&#8220;][et_pb_column type=&#8220;4_4&#8243;][et_pb_slider admin_label=&#8220;Slider&#8220; show_arrows=&#8220;on&#8220; show_pagination=&#8220;on&#8220; auto=&#8220;off&#8220; parallax=&#8220;off&#8220; parallax_method=&#8220;off&#8220; remove_inner_shadow=&#8220;off&#8220; background_position=&#8220;default&#8220; background_size=&#8220;default&#8220; hide_content_on_mobile=&#8220;off&#8220; hide_cta_on_mobile=&#8220;off&#8220; show_image_video_mobile=&#8220;off&#8220; custom_button=&#8220;off&#8220; button_letter_spacing=&#8220;0&#8243; button_use_icon=&#8220;default&#8220; button_icon_placement=&#8220;right&#8220; button_on_hover=&#8220;on&#8220; button_letter_spacing_hover=&#8220;0&#8243; auto_ignore_hover=&#8220;off&#8220;]<\/p>\n<p>[et_pb_slide background_color=&#8220;#ffffff&#8220; alignment=&#8220;center&#8220; background_layout=&#8220;dark&#8220; background_image=&#8220;\/wp-content\/themes\/di-classic-orange\/images\/Kopfbilder-960x300_3.jpg&#8220; background_position=&#8220;default&#8220; background_size=&#8220;default&#8220; allow_player_pause=&#8220;off&#8220; header_font_select=&#8220;default&#8220; body_font_select=&#8220;default&#8220; custom_button=&#8220;off&#8220; button_font_select=&#8220;default&#8220; button_use_icon=&#8220;default&#8220; button_icon_placement=&#8220;right&#8220; button_on_hover=&#8220;on&#8220;]<\/p>\n<p>[\/et_pb_slide][et_pb_slide background_image=&#8220;\/wp-content\/themes\/di-classic-orange\/images\/Kopfbilder-960x300_2.jpg&#8220; background_color=&#8220;#ffffff&#8220; alignment=&#8220;center&#8220; background_layout=&#8220;dark&#8220; background_position=&#8220;default&#8220; background_size=&#8220;default&#8220; allow_player_pause=&#8220;off&#8220; header_font_select=&#8220;default&#8220; body_font_select=&#8220;default&#8220; custom_button=&#8220;off&#8220; button_font_select=&#8220;default&#8220; button_use_icon=&#8220;default&#8220; button_icon_placement=&#8220;right&#8220; button_on_hover=&#8220;on&#8220;]<\/p>\n<p>[\/et_pb_slide][et_pb_slide background_image=&#8220;\/wp-content\/themes\/di-classic-orange\/images\/Kopfbilder-960x300_1.jpg&#8220; background_color=&#8220;#ffffff&#8220; alignment=&#8220;center&#8220; background_layout=&#8220;dark&#8220; background_position=&#8220;default&#8220; background_size=&#8220;default&#8220; allow_player_pause=&#8220;off&#8220; header_font_select=&#8220;default&#8220; body_font_select=&#8220;default&#8220; custom_button=&#8220;off&#8220; button_font_select=&#8220;default&#8220; button_use_icon=&#8220;default&#8220; button_icon_placement=&#8220;right&#8220; button_on_hover=&#8220;on&#8220;]<\/p>\n<p>[\/et_pb_slide][et_pb_slide background_image=&#8220;\/wp-content\/themes\/di-classic-orange\/images\/Kopfbilder-960x300_1.jpg&#8220; background_color=&#8220;#ffffff&#8220; alignment=&#8220;center&#8220; background_layout=&#8220;dark&#8220; background_position=&#8220;default&#8220; background_size=&#8220;default&#8220; allow_player_pause=&#8220;off&#8220; header_font_select=&#8220;default&#8220; body_font_select=&#8220;default&#8220; custom_button=&#8220;off&#8220; button_font_select=&#8220;default&#8220; button_use_icon=&#8220;default&#8220; button_icon_placement=&#8220;right&#8220; button_on_hover=&#8220;on&#8220;]<\/p>\n<p>[\/et_pb_slide]<\/p>\n<p>[\/et_pb_slider][\/et_pb_column][\/et_pb_row][et_pb_row admin_label=&#8220;row&#8220;][et_pb_column type=&#8220;1_4&#8243;][et_pb_sidebar admin_label=&#8220;Sidebar&#8220; orientation=&#8220;left&#8220; area=&#8220;et_pb_widget_area_1&#8243; background_layout=&#8220;dark&#8220; remove_border=&#8220;off&#8220;]<\/p>\n<p>[\/et_pb_sidebar][\/et_pb_column][et_pb_column type=&#8220;1_2&#8243;][et_pb_blurb admin_label=&#8220;Blurb&#8220; url_new_window=&#8220;off&#8220; use_icon=&#8220;on&#8220; font_icon=&#8220;\ue007&#8220; icon_color=&#8220;#fc7e00&#8243; use_circle=&#8220;on&#8220; circle_color=&#8220;#444444&#8243; use_circle_border=&#8220;on&#8220; circle_border_color=&#8220;#fc7e00&#8243; icon_placement=&#8220;top&#8220; animation=&#8220;top&#8220; background_layout=&#8220;dark&#8220; text_orientation=&#8220;center&#8220; use_icon_font_size=&#8220;off&#8220; use_border_color=&#8220;off&#8220; border_color=&#8220;#ffffff&#8220; border_style=&#8220;solid&#8220;]<\/p>\n<h1 style=\"text-align: center;\">Ein Theme. 1001 M\u00f6glichkeiten.<\/h1>\n<p>[\/et_pb_blurb][et_pb_text admin_label=&#8220;Text&#8220; background_layout=&#8220;light&#8220; text_orientation=&#8220;left&#8220;]<\/p>\n<p>Classic Business ist kein Theme. Es sind endlose M\u00f6glichkeiten. Nahezu jedes Design l\u00e4sst sich ohne viel Aufwand entwickeln. Ohne Plugins. Ohne Schnickschnack. Ich bin ein kleiner Blindtext. Und zwar schon so lange ich denken kann. Es war nicht leicht zu verstehen, was es bedeutet, ein blinder Text zu sein: Man macht keinen Sinn. Wirklich keinen Sinn. Man wird zusammenhangslos eingeschoben und rumgedreht \u2013 und oftmals gar nicht erst gelesen. Aber bin ich allein deshalb ein schlechterer Text als andere? Na gut, ich werde nie in den Bestsellerlisten stehen.<\/p>\n<p>[\/et_pb_text][\/et_pb_column][et_pb_column type=&#8220;1_4&#8243;][et_pb_sidebar admin_label=&#8220;Sidebar&#8220; orientation=&#8220;left&#8220; area=&#8220;et_pb_widget_area_2&#8243; background_layout=&#8220;dark&#8220; remove_border=&#8220;off&#8220;]<\/p>\n<p>[\/et_pb_sidebar][\/et_pb_column][\/et_pb_row][\/et_pb_section][et_pb_section admin_label=&#8220;section&#8220; fullwidth=&#8220;off&#8220; specialty=&#8220;off&#8220; transparent_background=&#8220;off&#8220; background_color=&#8220;#515151&#8243; inner_shadow=&#8220;off&#8220; parallax=&#8220;on&#8220; parallax_method=&#8220;on&#8220; allow_player_pause=&#8220;off&#8220; padding_mobile=&#8220;off&#8220; make_fullwidth=&#8220;off&#8220; use_custom_width=&#8220;off&#8220; width_unit=&#8220;on&#8220; make_equal=&#8220;off&#8220; use_custom_gutter=&#8220;off&#8220;][et_pb_row admin_label=&#8220;row&#8220;][et_pb_column type=&#8220;4_4&#8243;][et_pb_text admin_label=&#8220;Text&#8220; background_layout=&#8220;dark&#8220; text_orientation=&#8220;center&#8220;]<\/p>\n<h2 style=\"text-align: center;\">Ein Theme. So einzigartig wie Ihr Business.<\/h2>\n<p style=\"text-align: center;\">Ist es nicht sch\u00f6n, nur noch ein Theme zu ben\u00f6tigen<br \/>\nund sich endlich auf die Inhalte, statt auf das Design zu konzentrieren?<\/p>\n<p>[\/et_pb_text][\/et_pb_column][\/et_pb_row][et_pb_row admin_label=&#8220;row&#8220;][et_pb_column type=&#8220;1_4&#8243;][et_pb_circle_counter admin_label=&#8220;Circle Counter&#8220; title=&#8220;Ladezeit&#8220; number=&#8220;6&#8243; percent_sign=&#8220;off&#8220; background_layout=&#8220;dark&#8220; bar_bg_color=&#8220;#f4b98b&#8220;]<\/p>\n<p>[\/et_pb_circle_counter][\/et_pb_column][et_pb_column type=&#8220;1_4&#8243;][et_pb_circle_counter admin_label=&#8220;Circle Counter&#8220; title=&#8220;Templates&#8220; number=&#8220;18&#8243; percent_sign=&#8220;off&#8220; background_layout=&#8220;dark&#8220; bar_bg_color=&#8220;#82b585&#8243;]<\/p>\n<p>[\/et_pb_circle_counter][\/et_pb_column][et_pb_column type=&#8220;1_4&#8243;][et_pb_circle_counter admin_label=&#8220;Circle Counter&#8220; title=&#8220;Zufriedene Kunden&#8220; number=&#8220;98&#8243; percent_sign=&#8220;off&#8220; background_layout=&#8220;dark&#8220; bar_bg_color=&#8220;#8ba9ba&#8220;]<\/p>\n<p>[\/et_pb_circle_counter][\/et_pb_column][et_pb_column type=&#8220;1_4&#8243;][et_pb_circle_counter admin_label=&#8220;Circle Counter&#8220; title=&#8220;Flexibel&#8220; number=&#8220;100&#8243; percent_sign=&#8220;off&#8220; background_layout=&#8220;dark&#8220; bar_bg_color=&#8220;#cab1e2&#8243;]<\/p>\n<p>[\/et_pb_circle_counter][\/et_pb_column][\/et_pb_row][\/et_pb_section][et_pb_section admin_label=&#8220;section&#8220; fullwidth=&#8220;off&#8220; specialty=&#8220;off&#8220; transparent_background=&#8220;on&#8220; allow_player_pause=&#8220;off&#8220; inner_shadow=&#8220;off&#8220; parallax=&#8220;off&#8220; parallax_method=&#8220;off&#8220; padding_mobile=&#8220;off&#8220; make_fullwidth=&#8220;off&#8220; use_custom_width=&#8220;off&#8220; width_unit=&#8220;on&#8220; make_equal=&#8220;off&#8220; use_custom_gutter=&#8220;off&#8220;][et_pb_row admin_label=&#8220;row&#8220;][et_pb_column type=&#8220;4_4&#8243;][et_pb_text admin_label=&#8220;Text&#8220; background_layout=&#8220;dark&#8220; text_orientation=&#8220;left&#8220; use_border_color=&#8220;off&#8220; border_color=&#8220;#ffffff&#8220; border_style=&#8220;solid&#8220;]<\/p>\n<h2 style=\"text-align: center;\">Zufriedene Kunden sind die beste Referenz.<\/h2>\n<p style=\"text-align: center;\">Nutzen Sie fertige Vorlagen f\u00fcr Ihr Kundenfeedback,<\/p>\n<p>[\/et_pb_text][\/et_pb_column][\/et_pb_row][et_pb_row admin_label=&#8220;row&#8220;][et_pb_column type=&#8220;1_4&#8243;][et_pb_testimonial admin_label=&#8220;Testimonial&#8220; author=&#8220;Franka Meister&#8220; job_title=&#8220;Design&#8220; url_new_window=&#8220;on&#8220; quote_icon=&#8220;off&#8220; use_background_color=&#8220;on&#8220; background_color=&#8220;#555555&#8243; background_layout=&#8220;light&#8220; text_orientation=&#8220;left&#8220; portrait_url=&#8220;\/wp-content\/themes\/di-classic-orange\/images\/Testimonial-5.jpg&#8220; use_border_color=&#8220;off&#8220; border_color=&#8220;#ffffff&#8220; border_style=&#8220;solid&#8220;]<\/p>\n<p>Ut wisi enim ad minim veniam, quis nostrud exerci tation ullamcorper suscipit lobortis nisl ut aliquip ex ea commodo consequat.<\/p>\n<p>[\/et_pb_testimonial][\/et_pb_column][et_pb_column type=&#8220;1_4&#8243;][et_pb_testimonial admin_label=&#8220;Testimonial&#8220; author=&#8220;Frank Merkelson&#8220; job_title=&#8220;Consulting&#8220; url_new_window=&#8220;on&#8220; quote_icon=&#8220;off&#8220; use_background_color=&#8220;on&#8220; background_color=&#8220;#555555&#8243; background_layout=&#8220;light&#8220; text_orientation=&#8220;left&#8220; portrait_url=&#8220;\/wp-content\/themes\/di-classic-orange\/images\/Testimonial-3.jpg&#8220; use_border_color=&#8220;off&#8220; border_color=&#8220;#ffffff&#8220; border_style=&#8220;solid&#8220;]<\/p>\n<p>Ut wisi enim ad minim veniam, quis nostrud exerci tation ullamcorper suscipit lobortis nisl ut aliquip ex ea commodo consequat.<\/p>\n<p>[\/et_pb_testimonial][\/et_pb_column][et_pb_column type=&#8220;1_4&#8243;][et_pb_testimonial admin_label=&#8220;Testimonial&#8220; author=&#8220;Claudia Ellen&#8220; job_title=&#8220;Text und Konzept&#8220; url_new_window=&#8220;on&#8220; quote_icon=&#8220;off&#8220; use_background_color=&#8220;on&#8220; background_color=&#8220;#555555&#8243; background_layout=&#8220;light&#8220; text_orientation=&#8220;left&#8220; portrait_url=&#8220;\/wp-content\/themes\/di-classic-orange\/images\/Testimonial-1.jpg&#8220; use_border_color=&#8220;off&#8220; border_color=&#8220;#ffffff&#8220; border_style=&#8220;solid&#8220;]<\/p>\n<p>Ut wisi enim ad minim veniam, quis nostrud exerci tation ullamcorper suscipit lobortis nisl ut aliquip ex ea commodo consequat.<\/p>\n<p>[\/et_pb_testimonial][\/et_pb_column][et_pb_column type=&#8220;1_4&#8243;][et_pb_testimonial admin_label=&#8220;Testimonial&#8220; author=&#8220;Johannes M\u00fcller&#8220; job_title=&#8220;Design&#8220; url_new_window=&#8220;on&#8220; quote_icon=&#8220;off&#8220; use_background_color=&#8220;on&#8220; background_color=&#8220;#555555&#8243; background_layout=&#8220;light&#8220; text_orientation=&#8220;left&#8220; portrait_url=&#8220;\/wp-content\/themes\/di-classic-orange\/images\/Testimonial-2.jpg&#8220; use_border_color=&#8220;off&#8220; border_color=&#8220;#ffffff&#8220; border_style=&#8220;solid&#8220;]<\/p>\n<p>Ut wisi enim ad minim veniam, quis nostrud exerci tation ullamcorper suscipit lobortis nisl ut aliquip ex ea commodo consequat.<\/p>\n<p>[\/et_pb_testimonial][\/et_pb_column][\/et_pb_row][\/et_pb_section]<\/p>\n","protected":false},"excerpt":{"rendered":"<p>Ein Theme. 1001 M\u00f6glichkeiten. Classic Business ist kein Theme. Es sind endlose M\u00f6glichkeiten. Nahezu jedes Design l\u00e4sst sich ohne viel Aufwand entwickeln. Ohne Plugins. Ohne Schnickschnack. Ich bin ein kleiner Blindtext. Und zwar schon so lange ich denken kann. Es war nicht leicht zu verstehen, was es bedeutet, ein blinder Text zu sein: Man macht [&hellip;]<\/p>\n","protected":false},"author":1,"featured_media":0,"parent":0,"menu_order":0,"comment_status":"open","ping_status":"open","template":"","meta":{"_et_pb_use_builder":"on","_et_pb_old_content":"","_et_gb_content_width":"","footnotes":""},"class_list":["post-2","page","type-page","status-publish","hentry"],"_links":{"self":[{"href":"https:\/\/demo.designers-inn.de\/classicbusiness\/wp-json\/wp\/v2\/pages\/2","targetHints":{"allow":["GET"]}}],"collection":[{"href":"https:\/\/demo.designers-inn.de\/classicbusiness\/wp-json\/wp\/v2\/pages"}],"about":[{"href":"https:\/\/demo.designers-inn.de\/classicbusiness\/wp-json\/wp\/v2\/types\/page"}],"author":[{"embeddable":true,"href":"https:\/\/demo.designers-inn.de\/classicbusiness\/wp-json\/wp\/v2\/users\/1"}],"replies":[{"embeddable":true,"href":"https:\/\/demo.designers-inn.de\/classicbusiness\/wp-json\/wp\/v2\/comments?post=2"}],"version-history":[{"count":9,"href":"https:\/\/demo.designers-inn.de\/classicbusiness\/wp-json\/wp\/v2\/pages\/2\/revisions"}],"predecessor-version":[{"id":689,"href":"https:\/\/demo.designers-inn.de\/classicbusiness\/wp-json\/wp\/v2\/pages\/2\/revisions\/689"}],"wp:attachment":[{"href":"https:\/\/demo.designers-inn.de\/classicbusiness\/wp-json\/wp\/v2\/media?parent=2"}],"curies":[{"name":"wp","href":"https:\/\/api.w.org\/{rel}","templated":true}]}}